?
True
Does 205 divide 3832680?
True
Is 698 a factor of 862823?
False
Is 1810890 a multiple of 6?
True
Is 30585 a multiple of 236?
False
Is 1510 a factor of 6033960?
True
Is 29 a factor of 9431?
False
Is 47 a factor of 1104344?
False
Does 9 divide 565947?
True
Is 262 a factor of 2632613?
False
Is 43230 a multiple of 66?
True
Is 7548 a multiple of 3?
True
Is 91 a factor of 150241?
True
Is 1326374 a multiple of 17?
True
Does 22 divide 4532?
True
Does 206 divide 9478472?
True
Is 98285 a multiple of 536?
False
Does 14 divide 126423?
False
Is 55 a factor of 762630?
True
Is 72 a factor of 1912328?
False
Is 45 a factor of 1324567?
False
Does 2116 divide 17783354?
False
Is 136 a factor of 798864?
True
Is 12 a factor of 441225?
False
Is 2227076 a multiple of 2?
True
Is 779726 a multiple of 197?
True
Is 233585 a multiple of 653?
False
Is 15 a factor of 1282155?
True
Is 2730640 a multiple of 110?
True
Is 178854 a multiple of 172?
False
Is 1061936 a multiple of 7?
False
Is 545378 a multiple of 778?
True
Is 1608204 a multiple of 39?
True
Does 178 divide 9168330?
False
Is 120720 a multiple of 12?
True
Is 1699570 a multiple of 10?
True
Is 172 a factor of 804100?
True
Does 58 divide 171457?
False
Does 198 divide 350251?
False
Is 261663 a multiple of 11?
False
Does 111 divide 41292?
True
Does 71 divide 453577?
False
Is 86280 a multiple of 20?
True
Is 4048960 a multiple of 32?
True
Does 38 divide 5023845?
False
Does 473 divide 362791?
True
Is 38 a factor of 440502?
False
Does 55 divide 861025?
True
Does 459 divide 1918620?
True
Does 33 divide 179780?
False
Is 3621484 a multiple of 268?
True
Is 202 a factor of 4238364?
True
Does 308 divide 784784?
True
Is 33 a factor of 1158531?
True
Does 25 divide 848775?
True
Is 2151158 a multiple of 979?
False
Is 158518 a multiple of 32?
False
Does 269 divide 23941?
True
Is 137 a factor of 880018?
False
Is 810047 a multiple of 679?
True
Does 18 divide 137250?
True
Is 296424 a multiple of 36?
True
Is 17 a factor of 298961?
False
Is 13361760 a multiple of 180?
True
Is 358 a factor of 108116?
True
Is 1665501 a multiple of 13?
False
Is 754911 a multiple of 562?
False
Is 165443 a multiple of 174?
False
Does 21 divide 709525?
False
Is 1580977 a multiple of 376?
False
Is 29 a factor of 20666?
False
Does 547 divide 8440757?
True
Does 9 divide 817794?
True
Does 54 divide 4320?
True
Does 9 divide 176688?
True
Does 137 divide 5905038?
False
Is 61065 a multiple of 10?
False
Does 79 divide 446368?
False
Does 797 divide 915495?
False
Is 1379 a factor of 7275604?
True
Is 56444 a multiple of 4?
True
Does 8 divide 48376?
True
Is 60 a factor of 130860?
True
Is 96 a factor of 624960?
True
Is 119591 a multiple of 2?
False
Is 34999073 a multiple of 334?
False
Does 371 divide 49343?
True
Is 164928 a multiple of 7?
False
Is 1041200 a multiple of 168?
False
Does 12 divide 622194?
False
Is 26365164 a multiple of 28?
True
Does 425 divide 253031?
False
Is 45 a factor of 375233?
False
Is 12 a factor of 3692761?
False
Does 33 divide 1737608?
False
Is 10 a factor of 155932?
False
Is 628 a factor of 647468?
True
Is 88 a factor of 262215?
False
Is 207841 even?
False
Is 495250 a multiple of 482?
False
Is 5362995 a multiple of 41?
False
Is 305822 a multiple of 110?
False
Is 242 a factor of 3718330?
True
Is 14236040 a multiple of 455?
True
Is 6 a factor of 431873?
False
Does 155 divide 138223?
False
Is 151215 a multiple of 15?
True
Does 340 divide 131518?
False
Is 8 a factor of 1591208?
True
Is 2220133 a multiple of 25?
False
Is 415 a factor of 2898890?
False
Is 128503 a multiple of 4?
False
Is 15864 a multiple of 14?
False
Does 151 divide 31860?
False
Is 125 a factor of 53572?
False
Is 25 a factor of 113825?
True
Does 986 divide 9184244?
False
Is 349 a factor of 8098727?
False
Does 50 divide 1848507?
False
Does 13 divide 2067?
True
Does 264 divide 8102058?
False
Is 20580763 a multiple of 83?
True
Does 93 divide 49200?
False
Is 203 a factor of 5278?
True
Does 18 divide 573408?
True
Does 76 divide 108075?
False
Is 1477155 a multiple of 32?
False
Is 989550 a multiple of 18?
True
Is 4 a factor of 398973?
False
Is 236080 a multiple of 171?
False
Is 28 a factor of 294666?
False
Is 1490433 a multiple of 49?
True
Is 59 a factor of 2749810?
False
Is 222 a factor of 34854?
True
Is 922907 a multiple of 336?
False
Is 479180 a multiple of 19?
True
Is 1521 a multiple of 26?
False
Does 145 divide 219006?
False
Is 311443 a multiple of 79?
False
Is 551342 a multiple of 225?
False
Does 19 divide 575014?
False
Does 9 divide 1825038?
True
Does 12 divide 699960?
True
Is 111 a factor of 5652721?
False
Does 671 divide 143078?
False
Is 2888 a multiple of 15?
False
Is 146 a factor of 51100?
True
Is 15933 a multiple of 67?
False
Does 3 divide 70662?
True
Is 32 a factor of 7281984?
True
Is 26 a factor of 135304?
True
Is 62360 a multiple of 76?
False
Does 82 divide 72239?
False
Is 10 a factor of 4608668?
False
Is 2315806 a multiple of 28?
False
Is 18 a factor of 209052?
True
Is 20 a factor of 15875?
False
Is 92 a factor of 1127006?
False
Does 895 divide 477035?
True
Is 54 a factor of 2586222?
True
Does 6 divide 397382?
False
Is 259423 a multiple of 59?
True
Is 634 a factor of 5756720?
True
Is 528927 a multiple of 21?
True
Does 49 divide 116099?
False
Is 312 a factor of 643344?
True
Is 57 a factor of 186494?
False
Is 1027 a factor of 387978?
False
Is 75 a factor of 122475?
True
Is 15 a factor of 161608?
False
Does 80 divide 160160?
True
Is 153087 a multiple of 61?
False
Does 12 divide 11808?
True
Is 1901063 a multiple of 14?
False
Is 2844051 a multiple of 854?
False
Does 129 divide 3485597?
False
Is 1354206 a multiple of 19?
True
Is 65 a factor of 34283?
False
Is 430 a factor of 1279786?
False
Is 22 a factor of 124359?
False
Does 26 divide 114040?
False
Is 8 a factor of 3832062?
False
Is 28 a factor of 254184?
True
Is 86 a factor of 328124?
False
Is 253 a factor of 432168?
False
Is 23 a factor of 601680?
True
Is 126 a factor of 266015?
False
Is 13 a factor of 16725839?
True
Is 337 a factor of 235810?
False
Is 109 a factor of 5280396?
True
Does 15 divide 6565590?
True
Is 252 a factor of 1053108?
True
Does 380 divide 2529836?
False
Does 107 divide 1533556?
False
Is 16475 a multiple of 5?
True
Is 48 a factor of 10353168?
True
Does 104 divide 32760?
True
Does 433 divide 2262858?
True
Is 197 a factor of 2239496?
True
Is 5988 a multiple of 775?
False
Is 63 a factor of 5032637?
False
Does 11 divide 18524?
True
Is 7222691 a multiple of 7?
True
Is 127892 a multiple of 4?
True
Is 151 a factor of 32918?
True
Is 59340 a multiple of 690?
True
Is 269836 a multiple of 9?
False
Is 1214 a factor of 2024425?
False
Is 110446 a multiple of 98?
True
Is 563 a factor of 65773?
False
Is 13068788 a multiple of 634?
False
Is 732809 a multiple of 22?
False
Is 127241 a multiple of 357?
False
Is 2190300 a multiple of 70?
True
Is 25460600 a multiple of 110?
True
Is 1162018 a multiple of 14?
False
Is 339811 a multiple of 9?
False
Is 4092372 a multiple of 18?
True
Is 66122 a multiple of 7?
True
Does 368 divide 22688?
False
Is 14 a factor of 17592932?
True
Does 81 divide 249452?
False
Is 156566 a multiple of 29?
False
Does 8 divide 231816?
True
Does 1555 divide 13173960?
True
Is 12336488 a multiple of 1228?
True
Is 12727424 a multiple of 1088?
True
Is 4670877 a multiple of 1038?
False
Is 373598 a multiple of 259?
False
Is 1563415 a multiple of 19?
True
Does 12 divide 348913?
False
Is 2544950 a multiple of 180?
False
Is 63488 a multiple of 19?
False
Does 200 divide 1843800?
True
Does 6 divide 109834?
False
Is 2005 a multiple of 5?
True
Is 27 a factor of 391229?
False
Does 57 divide 4432035?
True
Does 36 divide 135756?
True
Is 50402 a multiple of 11?
True
Is 494 a factor of 902538?
True
Is 22268634 a multiple of 417?
True
Does 635 divide 542196?
False
Is 20 a factor of 5000020?
True
Is 16872507 a multiple of 1880?
False
Is 10151971 a multiple of 737?
False
Is 37663 a multiple of 8?
False
Is 15 a factor of 241185?
True
Is 190945 a multiple of 227?
False
Is 249 a factor of 9876?
False
Is 34156 a multiple of 4?
True
Is 40 a factor of 55414?
False
Does 13 divide 404127?
False
Does 117 divide 928497?
False
Is 209 a factor of 3960759?
True
Is 165960 a multiple of 10?
True
Does 331 divide 281796?
False
Is 665796 a multiple 